{"id":46,"date":"2024-10-16T11:26:20","date_gmt":"2024-10-16T09:26:20","guid":{"rendered":"https:\/\/www.avis-royaltiz.com\/?page_id=46"},"modified":"2024-10-16T15:13:42","modified_gmt":"2024-10-16T13:13:42","slug":"comparaison-royaltiz-trendex-stocksfc","status":"publish","type":"page","link":"https:\/\/www.avis-royaltiz.com\/index.php\/comparaison-royaltiz-trendex-stocksfc\/","title":{"rendered":"Comparaison royaltiz \/ Trendex \/ StocksFC"},"content":{"rendered":"<p>[et_pb_section fb_built=&#8221;1&#8243; admin_label=&#8221;Header&#8221; _builder_version=&#8221;4.27.2&#8243; _module_preset=&#8221;default&#8221; background_enable_color=&#8221;off&#8221; use_background_color_gradient=&#8221;on&#8221; background_color_gradient_direction=&#8221;173deg&#8221; background_color_gradient_stops=&#8221;#f1edff 30%|#fbf9ff 62%&#8221; background_enable_image=&#8221;off&#8221; background_size=&#8221;initial&#8221; background_position=&#8221;top_center&#8221; overflow-x=&#8221;hidden&#8221; overflow-y=&#8221;hidden&#8221; custom_padding=&#8221;4vw||0px||false|false&#8221; locked=&#8221;off&#8221; collapsed=&#8221;off&#8221; global_colors_info=&#8221;{}&#8221;][et_pb_row _builder_version=&#8221;4.27.2&#8243; _module_preset=&#8221;default&#8221; global_colors_info=&#8221;{}&#8221;][et_pb_column type=&#8221;4_4&#8243; _builder_version=&#8221;4.22.0&#8243; _module_preset=&#8221;default&#8221; global_colors_info=&#8221;{}&#8221;][et_pb_text _builder_version=&#8221;4.27.2&#8243; _module_preset=&#8221;9520065c-4159-494d-9964-61505eef9c5f&#8221; hover_enabled=&#8221;0&#8243; global_colors_info=&#8221;{}&#8221; sticky_enabled=&#8221;0&#8243;]<\/p>\n<h1 style=\"text-align: left;\"><span data-token-index=\"0\" class=\"notion-enable-hover\">Comparaison royaltiz \/ Trendex \/ StocksFC<\/span><!-- notionvc: f7345aaa-521d-47e1-ae39-e251ded17844 --><br \/><!-- notionvc: 56830047-642f-432c-977a-a6ce25f17582 --><\/h1>\n<p style=\"text-align: left;\">Dans l\u2019univers en constante \u00e9volution des investissements, il est essentiel de comprendre les diff\u00e9rences entre les principales plateformes avant de se lancer. <span data-token-index=\"1\" class=\"notion-enable-hover\">Royaltiz<\/span>, <span data-token-index=\"3\" class=\"notion-enable-hover\">Trendex<\/span>, et <span data-token-index=\"5\" class=\"notion-enable-hover\">StocksFC<\/span> se d\u00e9marquent chacune par leur approche unique, offrant diverses opportunit\u00e9s d\u2019investissement bas\u00e9es sur les talents sportifs, les actifs num\u00e9riques, et les performances des <a href=\"https:\/\/www.avis-royaltiz.com\/index.php\/les-stars-sur-royaltiz-investissez-dans-le-futur-des-talents\/\">joueurs de football<\/a>. Ce tableau comparatif vous aidera \u00e0 choisir la plateforme qui correspond le mieux \u00e0 vos objectifs financiers en analysant des crit\u00e8res essentiels tels que le type d\u2019investissement propos\u00e9, le rendement potentiel, l\u2019accessibilit\u00e9, et la fiabilit\u00e9.<!-- notionvc: bf5f6a67-ee8d-483a-821d-9794df88fbfa --><br \/><!-- notionvc: f3953555-9e25-4fdb-a0bc-ed760c155121 --><\/p>\n<p style=\"text-align: left;\"><!-- notionvc: 070e7999-b4e1-4f2d-912b-6c5a3c4cf5b9 --><\/p>\n<h1><!-- notionvc: 98c9a743-b140-4c59-be10-bf39fa43e3a0 --><\/h1>\n<p>[\/et_pb_text][\/et_pb_column][\/et_pb_row][\/et_pb_section][et_pb_section fb_built=&#8221;1&#8243; admin_label=&#8221;Feature&#8221; _builder_version=&#8221;4.27.2&#8243; _module_preset=&#8221;default&#8221; background_color=&#8221;#fbf9ff&#8221; custom_padding=&#8221;0px|||||&#8221; saved_tabs=&#8221;all&#8221; locked=&#8221;off&#8221; collapsed=&#8221;on&#8221; global_colors_info=&#8221;{}&#8221;][et_pb_row _builder_version=&#8221;4.27.2&#8243; _module_preset=&#8221;default&#8221; custom_padding=&#8221;0px|||||&#8221; global_colors_info=&#8221;{}&#8221;][et_pb_column type=&#8221;4_4&#8243; _builder_version=&#8221;4.27.2&#8243; _module_preset=&#8221;default&#8221; global_colors_info=&#8221;{}&#8221;][et_pb_image src=&#8221;http:\/\/www.avis-royaltiz.com\/wp-content\/uploads\/2024\/10\/table.png&#8221; title_text=&#8221;table&#8221; _builder_version=&#8221;4.27.2&#8243; _module_preset=&#8221;default&#8221; global_colors_info=&#8221;{}&#8221;][\/et_pb_image][et_pb_button button_url=&#8221;@ET-DC@eyJkeW5hbWljIjp0cnVlLCJjb250ZW50IjoicG9zdF9saW5rX3VybF9wYWdlIiwic2V0dGluZ3MiOnsicG9zdF9pZCI6IjQxIn19@&#8221; button_text=&#8221;Arnaque ou site de confiance ? &#8221; _builder_version=&#8221;4.27.2&#8243; _dynamic_attributes=&#8221;button_url&#8221; _module_preset=&#8221;default&#8221; button_border_radius=&#8221;41px&#8221; locked=&#8221;off&#8221; global_colors_info=&#8221;{}&#8221; button_bg_color__hover_enabled=&#8221;off|desktop&#8221;][\/et_pb_button][\/et_pb_column][\/et_pb_row][\/et_pb_section]<\/p>\n","protected":false},"excerpt":{"rendered":"<p>Comparaison royaltiz \/ Trendex \/ StocksFC Dans l\u2019univers en constante \u00e9volution des investissements, il est essentiel de comprendre les diff\u00e9rences entre les principales plateformes avant de se lancer. Royaltiz, Trendex, et StocksFC se d\u00e9marquent chacune par leur approche unique, offrant diverses opportunit\u00e9s d\u2019investissement bas\u00e9es sur les talents sportifs, les actifs num\u00e9riques, et les performances des [&hellip;]<\/p>\n","protected":false},"author":1,"featured_media":0,"parent":0,"menu_order":0,"comment_status":"closed","ping_status":"closed","template":"","meta":{"_et_pb_use_builder":"on","_et_pb_old_content":"","_et_gb_content_width":"","om_disable_all_campaigns":false,"_monsterinsights_skip_tracking":false,"_monsterinsights_sitenote_active":false,"_monsterinsights_sitenote_note":"","_monsterinsights_sitenote_category":0,"_uf_show_specific_survey":0,"_uf_disable_surveys":false,"footnotes":""},"class_list":["post-46","page","type-page","status-publish","hentry"],"aioseo_notices":[],"_links":{"self":[{"href":"https:\/\/www.avis-royaltiz.com\/index.php\/wp-json\/wp\/v2\/pages\/46","targetHints":{"allow":["GET"]}}],"collection":[{"href":"https:\/\/www.avis-royaltiz.com\/index.php\/wp-json\/wp\/v2\/pages"}],"about":[{"href":"https:\/\/www.avis-royaltiz.com\/index.php\/wp-json\/wp\/v2\/types\/page"}],"author":[{"embeddable":true,"href":"https:\/\/www.avis-royaltiz.com\/index.php\/wp-json\/wp\/v2\/users\/1"}],"replies":[{"embeddable":true,"href":"https:\/\/www.avis-royaltiz.com\/index.php\/wp-json\/wp\/v2\/comments?post=46"}],"version-history":[{"count":6,"href":"https:\/\/www.avis-royaltiz.com\/index.php\/wp-json\/wp\/v2\/pages\/46\/revisions"}],"predecessor-version":[{"id":97,"href":"https:\/\/www.avis-royaltiz.com\/index.php\/wp-json\/wp\/v2\/pages\/46\/revisions\/97"}],"wp:attachment":[{"href":"https:\/\/www.avis-royaltiz.com\/index.php\/wp-json\/wp\/v2\/media?parent=46"}],"curies":[{"name":"wp","href":"https:\/\/api.w.org\/{rel}","templated":true}]}}